s 71151583 composite?
True
Is 667681 composite?
True
Is 28396189 a composite number?
False
Is 68173967 composite?
False
Is 10777061 a prime number?
True
Is 25311919 prime?
True
Is 6043217 prime?
True
Is 419153 a prime number?
False
Is 13094557 a composite number?
True
Is 238213 composite?
False
Is 6600155 composite?
True
Is 9564673 a prime number?
True
Is 2080877 a prime number?
True
Is 142757 composite?
False
Is 27450281 composite?
True
Is 3169211 a prime number?
True
Is 7064777 a prime number?
False
Is 745447327 a composite number?
True
Is 292231922 composite?
True
Is 897167221 prime?
True
Is 1667597 prime?
True
Is 22800787 a prime number?
True
Is 409731629 a prime number?
True
Is 11434589 composite?
False
Is 3802423 composite?
True
Is 1191629 prime?
False
Is 15583471 composite?
False
Is 6005623 a prime number?
False
Is 119231143 a composite number?
True
Is 8572735 a composite number?
True
Is 9229621 a prime number?
True
Is 32337637 composite?
True
Is 102554711 composite?
True
Is 1333313 a prime number?
True
Is 5031251 a prime number?
True
Is 4647259 a prime number?
True
Is 343313371 prime?
False
Is 282785957 a prime number?
True
Is 2957621 a composite number?
False
Is 84943139 composite?
True
Is 226558 prime?
False
Is 40144183 a composite number?
False
Is 466431881 composite?
True
Is 84761795 a composite number?
True
Is 3097511 a prime number?
False
Is 4704745 a composite number?
True
Is 1114063 a composite number?
False
Is 16599379 a prime number?
True
Is 200896469 a composite number?
True
Is 33805969 prime?
True
Is 5273387 prime?
False
Is 10031533 a composite number?
False
Is 7941521 prime?
False
Is 124559293 prime?
True
Is 5031749 a prime number?
True
Is 13409177 a composite number?
False
Is 37575887 a composite number?
True
Is 726197093 prime?
False
Is 72613 composite?
False
Is 8533747 a composite number?
True
Is 5947847 a composite number?
False
Is 2014853 a composite number?
False
Is 3251357 prime?
True
Is 92762429 prime?
True
Is 4839119 prime?
False
Is 358531 a composite number?
False
Is 152657 a composite number?
False
Is 60517711 prime?
False
Is 18121559 a composite number?
False
Is 15331427 a prime number?
True
Is 738373 a composite number?
False
Is 2375513239 prime?
False
Is 260599 composite?
True
Is 128144449 prime?
True
Is 41941 a prime number?
True
Is 716389463 a composite number?
True
Is 8047373 a prime number?
False
Is 69152267 composite?
True
Is 12110299 prime?
False
Is 103049561 composite?
False
Is 18947749 prime?
True
Is 366692927 a prime number?
False
Is 11295863 a composite number?
True
Is 21768577 a prime number?
False
Is 6374663 prime?
False
Is 2532169 a prime number?
False
Is 7508609 a prime number?
True
Is 15699311 a composite number?
False
Is 18546349 a prime number?
False
Is 18320761 prime?
True
Is 1133851 a prime number?
True
Is 252239 a prime number?
False
Is 789253 a composite number?
True
Is 19195661 a prime number?
True
Is 8136545 composite?
True
Is 9880091 a composite number?
True
Is 67623931 a prime number?
True
Is 1722089 prime?
True
Is 7131291 a prime number?
False
Is 3059497 a composite number?
True
Is 109481353 prime?
True
Is 94643819 composite?
False
Is 1522483 prime?
True
Is 94013453 a prime number?
True
Is 1380763 a composite number?
False
Is 34079 prime?
False
Is 64871 prime?
True
Is 982502 composite?
True
Is 518087 composite?
True
Is 8205265 a composite number?
True
Is 250543 a prime number?
True
Is 59331065 a prime number?
False
Is 1114349 a composite number?
False
Is 347166521 a prime number?
False
Is 14243 a composite number?
False
Is 40890193 a prime number?
True
Is 10939521 a composite number?
True
Is 120913019 composite?
False
Is 37431293 a composite number?
False
Is 227084437 composite?
True
Is 945577 composite?
False
Is 40270567 a prime number?
True
Is 10544099 a prime number?
True
Is 55532431 a composite number?
False
Is 6721619 composite?
True
Is 628171367 a composite number?
True
Is 34010023 a composite number?
False
Is 624080615 a composite number?
True
Is 6200443 composite?
False
Is 321107 composite?
True
Is 15077737 a prime number?
True
Is 37227923 prime?
True
Is 7618246 prime?
False
Is 19940819 a composite number?
True
Is 5253203 prime?
True
Is 24342391 composite?
False
Is 11425345 composite?
True
Is 54925069 a composite number?
False
Is 123318167 prime?
False
Is 1095401 composite?
False
Is 11302481 prime?
False
Is 17573177 a prime number?
True
Is 343939049 prime?
True
Is 82906171 a prime number?
True
Is 216233063 prime?
True
Is 995921 prime?
False
Is 8503799 a composite number?
False
Is 1185419 composite?
True
Is 79762061 composite?
False
Is 6298027 composite?
True
Is 259532423 prime?
True
Is 34176119 a prime number?
True
Is 1863951 prime?
False
Is 17033221 a composite number?
False
Is 1872817 composite?
False
Is 111276551 a prime number?
True
Is 35144977 a composite number?
True
Is 13665055 composite?
True
Is 50490449 composite?
False
Is 79393631 a prime number?
False
Is 3316399 composite?
False
Is 42720497 a composite number?
False
Is 12299993 prime?
False
Is 19946011 a composite number?
False
Is 2520313 composite?
False
Is 68387783 a prime number?
False
Is 3277943 a composite number?
False
Is 1365487 composite?
True
Is 129652631 composite?
True
Is 20201393 composite?
False
Is 2689421 a composite number?
True
Is 303124273 a composite number?
False
Is 457871 prime?
True
Is 179878763 a composite number?
False
Is 708150527 a prime number?
False
Is 17136763 composite?
True
Is 10076467 prime?
False
Is 8403437 prime?
False
Is 408361 prime?
True
Is 28276267 composite?
False
Is 48125999 composite?
False
Is 7171463 a composite number?
True
Is 557082829 composite?
False
Is 8355614 prime?
False
Is 576924266 composite?
True
Is 312755507 a prime number?
False
Is 247551041 a prime number?
True
Is 6752257 composite?
False
Is 3210019 a composite number?
True
Is 29386163 a composite number?
True
Is 12556577 a prime number?
False
Is 1297237 a composite number?
True
Is 145346009 a composite number?
True
Is 4621897 a prime number?
False
Is 21849413 prime?
True
Is 444626359 composite?
False
Is 33956371 composite?
True
Is 21397007 prime?
True
Is 11198846 a composite number?
True
Is 11574026 a composite number?
True
Is 39514609 composite?
True
Is 4153817 a prime number?
True
Is 297497 composite?
True
Is 884800354 a prime number?
False
Is 2051417 composite?
False
Is 19372817 composite?
False
Is 1602509 prime?
True
Is 3204979 composite?
True
Is 8134903 a composite number?
True
Is 25228009 composite?
True
Is 752263 composite?
False
Is 6321443 prime?
True
Is 87915731 a composite number?
False
Is 323448311 composite?
False
Is 20232871 composite?
False
Is 305264909 composite?
False
Is 17108733 composite?
True
Is 377171 prime?
True
Is 30848167 prime?
False
Is 2173679 a composite number?
False
Is 250085513 a composite number?
True
Is 145481087 prime?
False
Is 429991 composite?
False
Is 2601814 a composite number?
True
Is 9012746 composite?
True
Is 131870951 prime?
True
Is 4197161 prime?
True
Is 464420201 prime?
False
Is 16442849 composite?
False
Is 41247371 composite?
True
Is 15622223 prime?
True
Is 7197745 prime?
False
Is 1852817 composite?
False
Is 22090537 composite?
True
Is 411701 prime?
False
Is 553428121 a composite number?
False
Is 6057881 prime?
False
Is 5437 composite?
False
Is 71900537 a composite number?
False
Is 20286923 a prime number?
False
Is 603131 composite?
False
Is 82077977 composite?
False
Is 306738669 a prime number?
False
Is 422105 composite?
True
Is 6163643 prime?
True
Is 192300203 a prime number?
True
Is 821683909 composite?
False
Is 627629 prime?
False
Is 122195 a prime number?
False
Is 668284429 a composite number?
False
Is 199689909 a prime number?
False
Is 4780141 a composite number?
True
Is 9410281 a prime number?
False
Is 35828513 composite?
True
Is 2881243 composite?
False
Is 1795673 a prime number?
False
Is 186037 prime?
True
Is 971759297 prime?
True
Is 2999053 a prime number?
False
Is 49773389 a composite number?
False
Is 139021 a prime number?
True
Is 46082873 composite?
True
Is 4603715 prime?
False
Is 1693115651 composite?
False
Is 6842093 prime?
True
Is 1620881 a composite number?
False
Is 3605531 composite?
False
Is 16722353 prime?
False
Is 44527799 prime?
True
Is 12058